{"id":1510,"date":"2026-04-05T11:15:56","date_gmt":"2026-04-05T09:15:56","guid":{"rendered":"https:\/\/zamala.fr\/product\/cemabt-bouteille-de-vase-a-fleurs-en-verre-epaissi-de-34-lb-style-souffle-a-la-main-de-luxe-exquis-decoratif-pour-arrangement-floral-mariage-accentuez-la-couleur\/"},"modified":"2026-04-05T12:27:30","modified_gmt":"2026-04-05T10:27:30","slug":"cemabt-bouteille-de-vase-a-fleurs-en-verre-epaissi-de-34-lb-style-souffle-a-la-main-de-luxe-exquis-decoratif-pour-arrangement-floral-mariage-accentuez-la-couleur","status":"publish","type":"product","link":"https:\/\/zamala.fr\/?product=cemabt-bouteille-de-vase-a-fleurs-en-verre-epaissi-de-34-lb-style-souffle-a-la-main-de-luxe-exquis-decoratif-pour-arrangement-floral-mariage-accentuez-la-couleur","title":{"rendered":"CEMABT Bouteille de Vase \u00e0 Fleurs en Verre \u00e9paissi de 3,4 LB, Style souffl\u00e9 \u00e0 la Main de Luxe Exquis, d\u00e9coratif pour Arrangement Floral, Mariage (Accentuez la Couleur)"},"content":{"rendered":"<p>\u2b50Couleur : met l&rsquo;accent sur le style color\u00e9, moderne.<br \/>\n\u2b50Material: Verre, fabriqu\u00e9 par un savoir-faire \u00e0 haute temp\u00e9rature, un \u00e9paississement et un poids clairs.<br \/>\n\u2b50 Contenu : 1 vase en verre color\u00e9 Accent, des cartons en mousse sont ajout\u00e9s pour \u00e9viter les chutes.<br \/>\n\u2b50 Taille : la largeur de la grande bouche de la bouteille est de 12,9 cm, le fond de la bouteille est de 6,8 cm, le corps de la bouteille est de 24,1 cm de haut.<br \/>\n\u2b50Facile \u00e0 nettoyer : la surface est lisse, il vous suffit de l&rsquo;essuyer avec un chiffon humide.<br \/>\n<\/p>\n","protected":false},"excerpt":{"rendered":"<p>\u2b50Couleur : met l&rsquo;accent sur le style color\u00e9, moderne.<br \/>\n\u2b50Material: Verre, fabriqu\u00e9 par un savoir-faire \u00e0 haute temp\u00e9rature, un \u00e9paississement et un poids clairs.<br \/>\n\u2b50 Contenu : 1 vase en verre color\u00e9 Accent, des cartons en mousse sont ajout\u00e9s pour \u00e9viter les chutes.<\/p>\n","protected":false},"featured_media":1511,"comment_status":"open","ping_status":"closed","template":"","meta":[],"etheme_brands":[],"product_brand":[],"product_cat":[59,60],"product_tag":[],"class_list":{"0":"post-1510","1":"product","2":"type-product","3":"status-publish","4":"has-post-thumbnail","6":"product_cat-decoration-de-la-maison","7":"product_cat-vases","9":"first","10":"instock","11":"shipping-taxable","12":"purchasable","13":"product-type-simple"},"_links":{"self":[{"href":"https:\/\/zamala.fr\/index.php?rest_route=\/wp\/v2\/product\/1510","targetHints":{"allow":["GET"]}}],"collection":[{"href":"https:\/\/zamala.fr\/index.php?rest_route=\/wp\/v2\/product"}],"about":[{"href":"https:\/\/zamala.fr\/index.php?rest_route=\/wp\/v2\/types\/product"}],"replies":[{"embeddable":true,"href":"https:\/\/zamala.fr\/index.php?rest_route=%2Fwp%2Fv2%2Fcomments&post=1510"}],"version-history":[{"count":1,"href":"https:\/\/zamala.fr\/index.php?rest_route=\/wp\/v2\/product\/1510\/revisions"}],"predecessor-version":[{"id":1540,"href":"https:\/\/zamala.fr\/index.php?rest_route=\/wp\/v2\/product\/1510\/revisions\/1540"}],"wp:featuredmedia":[{"embeddable":true,"href":"https:\/\/zamala.fr\/index.php?rest_route=\/wp\/v2\/media\/1511"}],"wp:attachment":[{"href":"https:\/\/zamala.fr\/index.php?rest_route=%2Fwp%2Fv2%2Fmedia&parent=1510"}],"wp:term":[{"taxonomy":"brand","embeddable":true,"href":"https:\/\/zamala.fr\/index.php?rest_route=%2Fwp%2Fv2%2Fetheme_brands&post=1510"},{"taxonomy":"product_brand","embeddable":true,"href":"https:\/\/zamala.fr\/index.php?rest_route=%2Fwp%2Fv2%2Fproduct_brand&post=1510"},{"taxonomy":"product_cat","embeddable":true,"href":"https:\/\/zamala.fr\/index.php?rest_route=%2Fwp%2Fv2%2Fproduct_cat&post=1510"},{"taxonomy":"product_tag","embeddable":true,"href":"https:\/\/zamala.fr\/index.php?rest_route=%2Fwp%2Fv2%2Fproduct_tag&post=1510"}],"curies":[{"name":"wp","href":"https:\/\/api.w.org\/{rel}","templated":true}]}}